 base 8?
234
Convert -1120000021 (base 3) to base 8.
-73641
-1445 (base 12) to base 7
-6605
Convert 300 (base 9) to base 16.
f3
Convert 5062 (base 11) to base 15.
1ed3
-11 (base 15) to base 10
-16
Convert 85a (base 15) to base 2.
11101011101
212342 (base 5) to base 16
1c36
Convert 13150 (base 6) to base 11.
1568
-4371 (base 10) to base 3
-12222220
1167 (base 10) to base 12
813
70d (base 14) to base 3
1220022
-2111220101 (base 3) to base 12
-24791
2011201 (base 3) to base 10
1585
What is 1 (base 14) in base 13?
1
What is 2a80 (base 12) in base 2?
1001110000000
Convert 103221 (base 4) to base 16.
4e9
3135 (base 6) to base 10
707
-294 (base 10) to base 3
-101220
What is -3836 (base 12) in base 3?
-22202020
What is 144022 (base 5) in base 16?
17f9
-22011000 (base 3) to base 16
-1734
-653 (base 10) to base 6
-3005
57 (base 16) to base 3
10020
Convert -144451 (base 6) to base 15.
-4234
-90d (base 16) to base 9
-3154
What is -1110110011 (base 2) in base 5?
-12242
What is 1002551 (base 6) in base 5?
3003144
-7 (base 15) to base 16
-7
Convert 100100000101110 (base 2) to base 5.
1042403
What is -1000011110000010 (base 2) in base 10?
-34690
Convert 343 (base 7) to base 14.
ca
What is -121c (base 15) in base 2?
-111100001100
Convert 12435 (base 6) to base 14.
995
214010 (base 5) to base 11
55aa
-202103 (base 4) to base 2
-100010010011
What is a77 (base 13) in base 6?
12140
What is -9095 (base 15) in base 11?
-20a21
Convert 2b67 (base 12) to base 14.
1c19
Convert -2612 (base 8) to base 4.
-112022
265 (base 10) to base 11
221
Convert 121122 (base 3) to base 6.
2025
-c32 (base 14) to base 3
-10021202
-9d (base 16) to base 7
-313
What is -134333 (base 5) in base 12?
-32a1
What is 10100122 (base 3) in base 12?
14bb
15022 (base 8) to base 6
50522
Convert -10201 (base 4) to base 10.
-289
-12 (base 5) to base 9
-7
What is 57301 (base 8) in base 14?
8ba9
103141 (base 5) to base 7
13224
-2131 (base 7) to base 10
-757
What is 14f (base 16) in base 13?
1ca
-1210 (base 6) to base 9
-356
-2844 (base 10) to base 2
-101100011100
What is -110010001101100 (base 2) in base 10?
-25708
What is -450401 (base 6) in base 12?
-19a01
1220 (base 6) to base 7
606
Convert -1210311 (base 5) to base 8.
-54065
-113102 (base 6) to base 8
-23036
What is 303 (base 7) in base 5?
1100
-1001001000 (base 2) to base 11
-491
What is 72ce (base 15) in base 14?
8bb7
Convert -54145 (base 8) to base 15.
-6a89
What is -83c2 (base 13) in base 3?
-221000121
What is 1401 (base 12) in base 14?
ba9
Convert 436d (base 15) to base 6.
150034
What is 17bb (base 15) in base 2?
1010000000110
Convert 353a (base 16) to base 4.
3110322
112012 (base 3) to base 7
1055
Convert 220 (base 8) to base 4.
2100
-2412113 (base 5) to base 4
-22321302
Convert -32252 (base 6) to base 16.
-1148
What is -12022200 (base 4) in base 11?
-17a73
-376 (base 8) to base 13
-167
Convert -58a2 (base 12) to base 13.
-4688
What is -23 (base 14) in base 16?
-1f
What is -3304 (base 5) in base 14?
-246
What is 35 (base 9) in base 3?
1012
103562 (base 8) to base 12
18096
What is 1198a (base 15) in base 4?
31231123
1155 (base 8) to base 16
26d
241 (base 11) to base 16
11f
Convert -727 (base 12) to base 6.
-4451
What is 110133 (base 5) in base 6?
25321
What is 115433 (base 6) in base 14?
3a8d
-1bd (base 15) to base 11
-337
Convert -10421 (base 6) to base 12.
-a11
-5b0a (base 15) to base 11
-13600
-1010110011 (base 2) to base 9
-847
Convert 100101000 (base 2) to base 11.
24a
Convert -22b (base 16) to base 13.
-339
What is 2729 (base 11) in base 6?
24220
What is 122122121 (base 3) in base 6?
135324
Convert 4d (base 16) to base 3.
2212
Convert 547 (base 12) to base 16.
307
What is -2320 (base 7) in base 3?
-1011101
Convert 2b7 (base 15) to base 5.
4442
What is 1547 (base 8) in base 16?
367
-32101 (base 8) to base 14
-4c37
-126 (base 11) to base 15
-9e
-d44 (base 15) to base 7
-11500
What is -212220 (base 3) in base 15?
-2d0
-8466 (base 16) to base 13
-12573
What is -122104 (base 5) in base 16?
-122e
What is -2001212110 (base 3) in base 11?
-28666
Convert -64772 (base 10) to base 2.
-1111110100000100
5754 (base 8) to base 16
bec
What is -1234 (base 11) in base 9?
-2178
-600 (base 8) to base 4
-12000
2653 (base 11) to base 6
23542
-1110011010 (base 2) to base 11
-769
Convert -21d (base 14) to base 5.
-3134
1000000101001101 (base 2) to base 16
814d
What is 4362 (base 7) in base 4?
120123
Convert 236 (base 15) to base 13.
2c7
What is -11541 (base 6) in base 12?
-bb1
Convert 1a8d (base 14) to base 7.
20036
What is 4e0 (base 16) in base 8?
2340
What is 111110100010111 (base 2) in base 8?
76427
What is 10d4 (base 16) in base 10?
4308
What is -111110011110 (base 2) in base 5?
-111443
What is 20010223 (base 4) in base 5?
2024232
210311 (base 5) to base 12
4038
What is 19928 (base 10) in base 2?
100110111011000
Convert 409 (base 10) to base 3.
120011
Convert -3472 (base 10) to base 4.
-312100
-50202 (base 6) to base 16
-199a
What is -256b (base 16) in base 7?
-36633
What is -126 (base 16) in base 10?
-294
What is 16435 (base 7) in base 2?
1001001001001
Convert -1000110101 (base 2) to base 6.
-2341
Convert 153021 (base 6) to base 16.
3a45
What is -264 (base 16) in base 13?
-381
215015 (base 6) to base 10
17939
Convert -303 (base 5) to base 3.
-2220
What is -47b1 (base 13) in base 7?
-41330
What is 222 (base 9) in base 6?
502
What is -60bd (base 14) in base 2?
-100000011110111
-a2b7 (base 16) to base 4
-22022313
Convert -143425 (base 6) to base 3.
-200212222
Convert 77022 (base 8) to base 6.
405230
-3001 (base 11) to base 12
-238a
What is -183 (base 10) in base 15?
-c3
Convert -1068 (base 9) to base 7.
-2210
149 (base 16) to base 9
405
What is -3624 (base 7) in base 11?
-100a
Convert 196c (base 13) to base 4.
323200
-25533 (base 13) to base 9
-114570
Convert 2112 (base 5) to base 9.
343
Convert -728 (base 10) to base 15.
-338
Convert 3000123 (base 4) to base 16.
301b
Convert -4148 (base 9) to base 10.
-3041
-401134 (base 5) to base 16
-317d
What is bc9 (base 15) in base 13?
129c
What is 312203 (base 4) in base 14?
13b5
-5550 (base 7) to base 5
-30440
Convert -ab (base 12) to base 16.
-83
-17a (base 15) to base 5
-2330
What is 12211110 (base 4) in base 13?
c372
Convert 113a9 (base 12) to base 6.
254333
-1581 (base 10) to base 7
-4416
Convert 27ae (base 15) to base 7.
33515
What is -11310 (base 5) in base 11?
-695
What is 10 (base 10) in base 2?
1010
3144 (base 9) to base 14
bac
Convert -922d (base 14) to base 15.
-76a4
5d (base 15) to base 8
130
What is -35310 (base 8) in base 16?
-3ac8
What is 8125 (base 10) in base 16?
1fbd
What is 2213 (base 5) in base 13?
1a9
Convert -43345 (base 10) to base 12.
-21101
What is -10101010 (base 2) in base 7?
-332
101111001111010 (base 2) to base 13
b016
Convert 1321100 (base 4) to base 6.
55532
What is 1471 (base 12) in base 9?
3244
Convert -665 (base 16) to base 3.
-2020122
Convert -1234502 (base 6) to base 10.
-67142
1100021 (base 5) to base 6
222505
What is 5b0 (base 14) in base 6?
5130
What is 12232231 (base 4) in base 3?
1101210221
Convert -187a (base 13) to base 7.
-13433
2222011 (base 4) to base 15
335a
What is -1831 (base 16) in base 3?
-22111101
What is 1026 (base 9) in base 12?
529
23302 (base 5) to base 10
1702
What is 42a2 (base 13) in base 7?
35664
46168 (base 9) to base 3
1120012022
What is -278 (base 10) in base 3?
-101022
What is 14413 (base 8) in base 10?
6411
What is 1132002 (base 5) in base 6?
240353
What is 267 (base 16) in base 8?
1147
-11021000 (base 3) to base 4
-300201
What is 250165 (base 7) in base 14?
12935
-1b7 (base 12) to base 2
-100011011
Convert -342 (base 7) to base 12.
-129
What is 21455 (base 8) in base 10?
9005
What is 10000000000010001 (base 2) in base 7?
362055
521 (base 13) to base 8
1550
10233 (base 4) to base 9
366
Convert -538 (base 12) to base 4.
-23330
What is 24274 (base 8) in base 14?
3b2c
Convert -17117 (base 12) to base 16.
-80e3
20026 (base 7) to base 8
11326
-10010100001 (base 2) to base 13
-702
What is -90df (base 16) in base 2?
-1001000011011111
Convert -20621 (base 7) to base 9.
-7008
Convert -3002 (base 4) to base 16.
-c2
-55222 (base 6) to base 3
-101111012
What is -44 (base 8) in base 11?
-33
What is 17 (base 8) in base 16?
f
Convert 8d1 (base 15) to base 6.
13124
-4